ctor of 92 and 1278731.
23
Calculate the highest common factor of 52 and 2220049.
13
Calculate the highest common factor of 96685 and 1220.
305
What is the greatest common divisor of 25452 and 1344?
84
What is the highest common factor of 470319 and 1486?
743
What is the greatest common divisor of 15009 and 7?
1
Calculate the greatest common divisor of 2050 and 21550.
50
What is the greatest common factor of 325 and 11791?
13
Calculate the greatest common divisor of 2204 and 269439.
551
Calculate the greatest common factor of 6 and 316902.
6
What is the greatest common divisor of 6619968 and 72?
72
What is the highest common divisor of 250 and 1251250?
250
What is the greatest common factor of 2400 and 19020?
60
What is the greatest common factor of 19945 and 40?
5
Calculate the highest common divisor of 232 and 165329.
29
Calculate the highest common divisor of 294 and 25284.
294
Calculate the highest common divisor of 78723 and 45.
9
Calculate the greatest common factor of 39 and 15747.
3
What is the greatest common factor of 176 and 73832?
88
What is the highest common divisor of 65 and 105?
5
What is the highest common divisor of 417 and 3065367?
417
Calculate the greatest common divisor of 19487 and 221.
13
What is the greatest common factor of 24 and 758388?
12
Calculate the highest common factor of 84 and 371469.
21
Calculate the highest common divisor of 95 and 551114.
19
What is the highest common divisor of 1215 and 7635?
15
Calculate the highest common divisor of 423 and 93577.
47
Calculate the highest common factor of 16154 and 164.
82
What is the greatest common factor of 172610 and 164?
82
What is the greatest common factor of 1146 and 540?
6
Calculate the greatest common factor of 5275 and 10.
5
What is the greatest common factor of 147462 and 14?
14
Calculate the highest common factor of 9229 and 143.
11
Calculate the greatest common divisor of 195 and 2500095.
195
Calculate the highest common factor of 13939 and 14734.
53
What is the greatest common divisor of 588322 and 14?
14
Calculate the greatest common factor of 2888 and 33896.
152
What is the highest common divisor of 1603 and 553?
7
What is the greatest common divisor of 7100 and 36352?
284
Calculate the greatest common factor of 8619 and 227643.
507
What is the highest common factor of 247 and 663689?
247
What is the highest common factor of 190 and 3112390?
190
Calculate the highest common divisor of 88 and 32824.
88
Calculate the highest common divisor of 132 and 403161.
33
What is the highest common divisor of 94875 and 690?
345
Calculate the greatest common factor of 544 and 284172.
68
Calculate the highest common divisor of 29204 and 84.
28
What is the highest common divisor of 5488 and 32896?
16
What is the highest common factor of 3130 and 1169368?
626
What is the greatest common divisor of 4132614 and 228?
114
Calculate the highest common divisor of 10793 and 24849.
251
What is the greatest common divisor of 639 and 16969?
71
What is the highest common factor of 585 and 1017?
9
What is the highest common divisor of 9747 and 108?
27
Calculate the highest common divisor of 5975550 and 490.
490
Calculate the highest common divisor of 63703 and 1.
1
Calculate the highest common divisor of 179778 and 114.
114
What is the greatest common factor of 3332 and 2720?
68
Calculate the highest common divisor of 663 and 1885.
13
What is the greatest common divisor of 24963 and 11618?
157
What is the greatest common factor of 128 and 2708864?
128
What is the greatest common divisor of 599638 and 286?
26
Calculate the greatest common divisor of 44 and 1243.
11
Calculate the greatest common factor of 47 and 439121.
47
Calculate the highest common factor of 574 and 1736.
14
Calculate the greatest common factor of 483 and 24171.
21
Calculate the highest common factor of 135 and 49365.
45
Calculate the highest common factor of 85 and 590.
5
What is the greatest common divisor of 24 and 37173?
3
Calculate the highest common divisor of 55 and 19591.
11
Calculate the greatest common factor of 346752 and 648.
72
What is the greatest common divisor of 28872 and 15?
3
Calculate the greatest common divisor of 294 and 1215102.
294
Calculate the greatest common divisor of 52850 and 200.
50
Calculate the greatest common factor of 6 and 415575.
3
What is the highest common factor of 1944 and 111456?
648
What is the highest common divisor of 308 and 4290209?
77
Calculate the highest common factor of 189 and 311229.
27
What is the highest common factor of 492470 and 370?
370
Calculate the greatest common divisor of 228 and 1238.
2
Calculate the greatest common factor of 110 and 47718.
22
What is the highest common factor of 3567 and 50286?
87
What is the greatest common factor of 5438346 and 6?
6
What is the highest common divisor of 1 and 20142?
1
What is the greatest common divisor of 1148 and 10004?
164
What is the highest common factor of 362624 and 8?
8
What is the greatest common divisor of 1029 and 10731?
147
What is the highest common divisor of 1944 and 97686?
486
Calculate the greatest common divisor of 15779 and 39959.
31
What is the greatest common divisor of 2350 and 14650?
50
What is the greatest common factor of 8911 and 1862?
133
What is the greatest common factor of 15780 and 11940?
60
What is the highest common divisor of 4692 and 506?
46
What is the highest common factor of 156 and 509556?
12
What is the highest common divisor of 3575 and 16225?
275
Calculate the greatest common factor of 2541 and 19887.
21
What is the highest common divisor of 20 and 22870?
10
What is the greatest common divisor of 3360 and 219744?
672
What is the greatest common divisor of 155 and 2309159?
31
Calculate the highest common divisor of 81859 and 436.
109
Calculate the greatest common factor of 284 and 23501.
71
Calculate the highest common factor of 13251 and 40384.
631
Calculate the highest common divisor of 37093 and 49.
49
What is the highest common divisor of 22360 and 15093?
559
What is the highest common divisor of 92 and 4754836?
92
What is the greatest common divisor of 64 and 4131248?
16
What is the highest common divisor of 418 and 36366?
418
Calculate the greatest common divisor of 39292 and 611.
47
Calculate the highest common divisor of 57 and 404244.
57
What is the greatest common divisor of 144744 and 4075?
163
What is the greatest common divisor of 680 and 19618?
34
What is the greatest common divisor of 533743 and 7?
7
Calculate the highest common factor of 508 and 991870.
254
Calculate the greatest common divisor of 2496 and 162474.
78
Calculate the highest common divisor of 78 and 124137.
39
Calculate the highest common factor of 27484 and 384.
4
What is the highest common factor of 28779 and 901?
53
What is the greatest common divisor of 2168 and 144?
8
Calculate the highest common divisor of 2 and 123098.
2
Calculate the highest common divisor of 32935 and 7805.
35
Calculate the greatest common divisor of 162525 and 176.
11
What is the greatest common factor of 535283 and 658?
329
What is the greatest common divisor of 134770 and 40?
10
What is the highest common divisor of 44821 and 399?
133
Calculate the greatest common divisor of 22590 and 258.
6
What is the highest common divisor of 20 and 398884?
4
What is the greatest common divisor of 2751 and 3423?
21
What is the greatest common divisor of 583 and 30369?
53
Calculate the highest common factor of 430 and 4859.
43
What is the greatest common divisor of 36963 and 2553?
111
Calculate the greatest common divisor of 118 and 344.
2
Calculate the greatest common factor of 5598 and 27.
9
Calculate the highest common divisor of 1805 and 57038.
361
Calculate the greatest common factor of 3 and 77425.
1
What is the greatest common divisor of 18960 and 107045?
395
What is the highest common factor of 176 and 1859?
11
Calculate the highest common factor of 5694 and 425334.
78
Calculate the greatest common divisor of 436460 and 1884.
628
Calculate the greatest common factor of 135 and 117255.
15
What is the highest common divisor of 158118 and 876?
438
What is the highest common divisor of 237 and 677899?
79
Calculate the highest common factor of 4941 and 882.
9
What is the greatest common divisor of 98 and 462756?
98
What i